165
What is the remainder when 113446 is divided by 853?
850
What is the remainder when 113888 is divided by 196?
12
Calculate the remainder when 10654 is divided by 351.
124
What is the remainder when 3479 is divided by 293?
256
Calculate the remainder when 6746 is divided by 629.
456
What is the remainder when 4460 is divided by 192?
44
What is the remainder when 21216 is divided by 10467?
282
Calculate the remainder when 1196 is divided by 620.
576
Calculate the remainder when 137507 is divided by 41.
34
What is the remainder when 18078 is divided by 4512?
30
What is the remainder when 60928 is divided by 2?
0
Calculate the remainder when 3232 is divided by 1882.
1350
Calculate the remainder when 1285 is divided by 1270.
15
Calculate the remainder when 83529 is divided by 22.
17
What is the remainder when 233677 is divided by 84?
73
Calculate the remainder when 10074 is divided by 26.
12
What is the remainder when 721 is divided by 72?
1
What is the remainder when 1351208 is divided by 61?
58
What is the remainder when 36467 is divided by 9114?
11
Calculate the remainder when 267341 is divided by 176.
173
Calculate the remainder when 7887 is divided by 316.
303
What is the remainder when 866289 is divided by 25?
14
Calculate the remainder when 56624 is divided by 286.
282
What is the remainder when 131857 is divided by 207?
205
Calculate the remainder when 9385 is divided by 1247.
656
Calculate the remainder when 173805 is divided by 253.
247
Calculate the remainder when 35310 is divided by 149.
146
What is the remainder when 566 is divided by 305?
261
What is the remainder when 5086 is divided by 2464?
158
Calculate the remainder when 18815 is divided by 18742.
73
What is the remainder when 103243 is divided by 80?
43
Calculate the remainder when 10745 is divided by 10689.
56
Calculate the remainder when 1464 is divided by 646.
172
What is the remainder when 354211 is divided by 59033?
13
What is the remainder when 9754 is divided by 917?
584
Calculate the remainder when 11052 is divided by 38.
32
What is the remainder when 10934 is divided by 1818?
26
What is the remainder when 4856 is divided by 1181?
132
Calculate the remainder when 26874 is divided by 70.
64
What is the remainder when 29620 is divided by 17?
6
Calculate the remainder when 471240 is divided by 1525.
15
Calculate the remainder when 18559 is divided by 248.
207
Calculate the remainder when 4131 is divided by 1377.
0
What is the remainder when 9530 is divided by 238?
10
What is the remainder when 248372 is divided by 36?
8
Calculate the remainder when 132438 is divided by 5757.
27
Calculate the remainder when 13839 is divided by 77.
56
Calculate the remainder when 34490 is divided by 3122.
148
What is the remainder when 2498 is divided by 25?
23
Calculate the remainder when 24328 is divided by 796.
448
Calculate the remainder when 16353 is divided by 8150.
53
Calculate the remainder when 131249 is divided by 21.
20
Calculate the remainder when 59632 is divided by 42.
34
Calculate the remainder when 82101 is divided by 157.
147
Calculate the remainder when 409442 is divided by 43.
39
What is the remainder when 11683 is divided by 354?
1
Calculate the remainder when 1879 is divided by 309.
25
What is the remainder when 519516 is divided by 764?
760
What is the remainder when 1365421 is divided by 244?
241
Calculate the remainder when 190093 is divided by 67.
14
Calculate the remainder when 20295 is divided by 19572.
723
Calculate the remainder when 23364 is divided by 292.
4
Calculate the remainder when 67759 is divided by 121.
120
Calculate the remainder when 33807 is divided by 6752.
47
Calculate the remainder when 4206 is divided by 136.
126
What is the remainder when 184784 is divided by 177?
173
Calculate the remainder when 1240 is divided by 612.
16
Calculate the remainder when 6097 is divided by 3046.
5
What is the remainder when 320905 is divided by 292?
289
Calculate the remainder when 13743 is divided by 19.
6
Calculate the remainder when 91177 is divided by 20.
17
What is the remainder when 12313 is divided by 12310?
3
Calculate the remainder when 71110 is divided by 936.
910
Calculate the remainder when 27698 is divided by 13842.
14
What is the remainder when 2513718 is divided by 1160?
1158
What is the remainder when 166025 is divided by 82992?
41
Calculate the remainder when 342305 is divided by 11410.
5
Calculate the remainder when 5547 is divided by 62.
29
Calculate the remainder when 11352 is divided by 146.
110
Calculate the remainder when 14507 is divided by 242.
229
What is the remainder when 202552 is divided by 186?
184
What is the remainder when 2248 is divided by 887?
474
What is the remainder when 392989 is divided by 947?
931
What is the remainder when 100722 is divided by 50358?
6
Calculate the remainder when 10294 is divided by 3430.
4
What is the remainder when 1036 is divided by 240?
76
Calculate the remainder when 84437 is divided by 14071.
11
What is the remainder when 745 is divided by 533?
212
What is the remainder when 458 is divided by 13?
3
Calculate the remainder when 49111 is divided by 27.
25
Calculate the remainder when 4066 is divided by 579.
13
Calculate the remainder when 3645 is divided by 3600.
45
Calculate the remainder when 10217 is divided by 5088.
41
What is the remainder when 1385347 is divided by 71?
66
What is the remainder when 10198 is divided by 89?
52
What is the remainder when 61298 is divided by 59?
56
What is the remainder when 14975 is divided by 22?
15
Calculate the remainder when 1319750 is divided by 8.
6
Calculate the remainder when 165298 is divided by 27544.
34
Calculate the remainder when 7575 is divided by 335.
205
Calculate the remainder when 4432 is divided by 731.
46
What is the remainder when 5956 is divided by 326?
88
What is the remainder when 680 is divided by 139?
124
What is the remainder when 2323 is divided by 2176?
147
What is the remainder when 229152 is divided by 114565?
22
What is the remainder when 74150 is divided by 333?
224
What is the remainder when 6173 is divided by 144?
125
What is the remainder when 39926 is divided by 161?
159
What is the remainder when 177207 is divided by 34?
33
Calculate the remainder when 2119 is divided by 132.
7
What is the remainder when 3849 is divided by 960?
9
What is the remainder when 27129 is divided by 61?
45
What is the remainder when 9185 is divided by 655?
15
Calculate the remainder when 19487 is divided by 399.
335
What is the remainder when 42327 is divided by 10?
7
What is the remainder when 11315 is divided by 642?
401
What is the remainder when 23238 is divided by 5809?
2
What is the remainder when 172375 is divided by 130?
125
Calculate the remainder when 151064 is divided by 50351.
11
What is the remainder when 4278 is divided by 122?
8
What is the remainder when 193648 is divided by 99?
4
Calculate the remainder when 7859 is divided by 1778.
747
Calculate the remainder when 52292 is divided by 241.
236
What is the remainder when 9292 is divided by 65?
62
Calculate the remainder when 16141 is divided by 1453.
158
What is the remainder when 720 is divided by 124?
100
What is the remainder when 22057 is divided by 3669?
43
Calculate the remainder when 373 is divided by 338.
35
What is the remainder when 10076 is divided by 41?
31
What is the remainder when 2385 is divided by 24?
9
Calculate the remainder when 7784 is divided by 155.
34
What is the remainder when 167617 is divided by 116?
113
What is the remainder when 16747 is divided by 5492?
271
Calculate the remainder when 3459559 is divided by 520.
519
Calculate the remainder when 17312 is divided by 222.
218
What is the remainder when 491999 is divided by 113?
110
Calculate the remainder when 23609 is divided by 908.
1
What is the remainder when 174368 is divided by 174328?
40
Calculate the remainder when 284250 is divided by 397.
395
Calculate the remainder when 1488 is divided by 31.
0
What is the remainder when 3300 is divided by 1345?
610
Calculate the remainder when 5198 is divided by 90.
68
What is the remainder when 12304 is divided by 285?
49
What is the remainder when 6590 is divided by 470?
10
Calculate the remainder when 1151633 is divided by 508.
505
What is the remainder